{"id":450,"date":"2026-01-20T16:47:27","date_gmt":"2026-01-20T15:47:27","guid":{"rendered":"https:\/\/beautylasercenter.pl\/?page_id=450"},"modified":"2026-03-08T23:31:44","modified_gmt":"2026-03-08T22:31:44","slug":"depilacja-laserowa","status":"publish","type":"page","link":"https:\/\/beautylasercenter.pl\/index.php\/depilacja-laserowa\/","title":{"rendered":"Depilacja laserowa"},"content":{"rendered":"\t\t<div data-elementor-type=\"wp-page\" data-elementor-id=\"450\" class=\"elementor elementor-450\">\n\t\t\t\t<div class=\"elementor-element elementor-element-b71f35f e-grid e-con-boxed e-con e-parent\" data-id=\"b71f35f\" data-element_type=\"container\">\n\t\t\t\t\t<div class=\"e-con-inner\">\n\t\t\t\t<div class=\"elementor-element elementor-element-800e73b elementor-widget elementor-widget-text-editor\" data-id=\"800e73b\" data-element_type=\"widget\" data-widget_type=\"text-editor.default\">\n\t\t\t\t\t\t\t\t\t<p style=\"text-align: center;\">Depilacja laserowa to ch\u0119tnie wybierana przez klient\u00f3w nowoczesna i komfortowa metoda trwa\u0142ej redukcji ow\u0142osienia.<\/p><p style=\"text-align: center;\">\u00a0 <strong>Laser aleksandrytowy<\/strong> o d\u0142ugo\u015bci fali <strong>755 nm<\/strong> jest uznawany za jedno z najbardziej zaawansowanych rozwi\u0105za\u0144 stosowanych w redukcji ow\u0142osienia. To szybkie zabiegi, wysoki komfort oraz d\u0142ugotrwa\u0142e efekty, kt\u00f3rych zakres zale\u017cy od indywidualnych cech sk\u00f3ry i w\u0142osa oraz serii zabieg\u00f3w.<\/p>\t\t\t\t\t\t\t\t<\/div>\n\t\t\t\t<div class=\"elementor-element elementor-element-e56296b elementor-widget elementor-widget-image\" data-id=\"e56296b\" data-element_type=\"widget\" data-widget_type=\"image.default\">\n\t\t\t\t\t\t\t\t\t\t\t\t\t\t\t<img fetchpriority=\"high\" decoding=\"async\" width=\"800\" height=\"534\" src=\"https:\/\/beautylasercenter.pl\/wp-content\/uploads\/2026\/01\/view-doctor-cosmetologist-doing-anti-aging-procedure-cosmetology-office-satisfied-woman-disposable-hat-lying-couch-relaxing-1024x683.jpg\" class=\"attachment-large size-large wp-image-452\" alt=\"\" srcset=\"https:\/\/beautylasercenter.pl\/wp-content\/uploads\/2026\/01\/view-doctor-cosmetologist-doing-anti-aging-procedure-cosmetology-office-satisfied-woman-disposable-hat-lying-couch-relaxing-1024x683.jpg 1024w, https:\/\/beautylasercenter.pl\/wp-content\/uploads\/2026\/01\/view-doctor-cosmetologist-doing-anti-aging-procedure-cosmetology-office-satisfied-woman-disposable-hat-lying-couch-relaxing-300x200.jpg 300w, https:\/\/beautylasercenter.pl\/wp-content\/uploads\/2026\/01\/view-doctor-cosmetologist-doing-anti-aging-procedure-cosmetology-office-satisfied-woman-disposable-hat-lying-couch-relaxing-768x512.jpg 768w, https:\/\/beautylasercenter.pl\/wp-content\/uploads\/2026\/01\/view-doctor-cosmetologist-doing-anti-aging-procedure-cosmetology-office-satisfied-woman-disposable-hat-lying-couch-relaxing-1536x1024.jpg 1536w, https:\/\/beautylasercenter.pl\/wp-content\/uploads\/2026\/01\/view-doctor-cosmetologist-doing-anti-aging-procedure-cosmetology-office-satisfied-woman-disposable-hat-lying-couch-relaxing-2048x1365.jpg 2048w\" sizes=\"(max-width: 800px) 100vw, 800px\" \/>\t\t\t\t\t\t\t\t\t\t\t\t\t\t\t<\/div>\n\t\t\t\t\t<\/div>\n\t\t\t\t<\/div>\n\t\t<div class=\"elementor-element elementor-element-166a3d5 e-flex e-con-boxed e-con e-parent\" data-id=\"166a3d5\" data-element_type=\"container\">\n\t\t\t\t\t<div class=\"e-con-inner\">\n\t\t\t\t<div class=\"elementor-element elementor-element-ac7d8c3 elementor-widget elementor-widget-heading\" data-id=\"ac7d8c3\" data-element_type=\"widget\" data-widget_type=\"heading.default\">\n\t\t\t\t\t<h2 class=\"elementor-heading-title elementor-size-default\">Epilacja laserowa- jak dzia\u0142a?<\/h2>\t\t\t\t<\/div>\n\t\t\t\t<div class=\"elementor-element elementor-element-6bd3730 elementor-widget elementor-widget-text-editor\" data-id=\"6bd3730\" data-element_type=\"widget\" data-widget_type=\"text-editor.default\">\n\t\t\t\t\t\t\t\t\t<p data-start=\"85\" data-end=\"233\">Wi\u0105zka lasera dzia\u0142a bardzo precyzyjnie \u2013 przenika przez barwnik w\u0142osa (melanin\u0119), dociera do mieszka, os\u0142abia struktur\u0119 i niszczy cebulki w\u0142os\u00f3w.<\/p><p data-start=\"240\" data-end=\"410\">Bezpiecze\u0144stwo podczas zabiegu gwarantuje system pracy lasera, kt\u00f3ry dzia\u0142a niszcz\u0105co na ciemny barwnik zawarty we w\u0142osie, a nie oddzia\u0142uje na jasny kolor naszej sk\u00f3ry.<\/p><p data-start=\"417\" data-end=\"545\">Dzi\u0119ki temu bezpiecznie mo\u017cemy wykonywa\u0107 zabieg na wra\u017cliwych partiach naszego cia\u0142a, takich jak: nogi, bikini, pachy czy twarz.<\/p>\t\t\t\t\t\t\t\t<\/div>\n\t\t\t\t\t<\/div>\n\t\t\t\t<\/div>\n\t\t<div class=\"elementor-element elementor-element-bae6b2e e-flex e-con-boxed e-con e-parent\" data-id=\"bae6b2e\" data-element_type=\"container\">\n\t\t\t\t\t<div class=\"e-con-inner\">\n\t\t\t\t<div class=\"elementor-element elementor-element-0bcbccc elementor-widget elementor-widget-heading\" data-id=\"0bcbccc\" data-element_type=\"widget\" data-widget_type=\"heading.default\">\n\t\t\t\t\t<h2 class=\"elementor-heading-title elementor-size-default\">Czemu zaleca si\u0119 wykonanie ok 6-8 serii zabiegowych?<\/h2>\t\t\t\t<\/div>\n\t\t\t\t\t<\/div>\n\t\t\t\t<\/div>\n\t\t<div class=\"elementor-element elementor-element-446f513 e-flex e-con-boxed e-con e-parent\" data-id=\"446f513\" data-element_type=\"container\">\n\t\t\t\t\t<div class=\"e-con-inner\">\n\t\t\t\t<div class=\"elementor-element elementor-element-9cdb8cc elementor-widget elementor-widget-text-editor\" data-id=\"9cdb8cc\" data-element_type=\"widget\" data-widget_type=\"text-editor.default\">\n\t\t\t\t\t\t\t\t\t<p data-start=\"94\" data-end=\"243\">W\u0142osy nie rosn\u0105 r\u00f3wnomiernie. Ka\u017cdy z nich znajduje si\u0119 w innej fazie wzrostu, dlatego \u015bwiat\u0142o lasera nie dzia\u0142a na wszystkie w jednakowym stopniu.<\/p><p data-start=\"250\" data-end=\"394\">W\u0142os wraz z cebulk\u0105 zostaje zniszczony pod warunkiem, \u017ce w trakcie wykonywania zabiegu znajduje si\u0119 w aktywnej fazie wzrostu w\u0142osa \u2013 anagenie.<\/p><p data-start=\"401\" data-end=\"487\">W anagenie znajduje si\u0119 ok. 99% w\u0142os\u00f3w na g\u0142owie, natomiast na nogach tylko ok. 20%.<\/p><p data-start=\"494\" data-end=\"604\">Z tego powodu konieczne jest wykonanie serii zabieg\u00f3w, aby \u201ewy\u0142apa\u0107\u201d w\u0142osy znajduj\u0105ce si\u0119 w tej fazie wzrostu.<\/p>\t\t\t\t\t\t\t\t<\/div>\n\t\t\t\t\t<\/div>\n\t\t\t\t<\/div>\n\t\t<div class=\"elementor-element elementor-element-db0323b e-flex e-con-boxed e-con e-parent\" data-id=\"db0323b\" data-element_type=\"container\">\n\t\t\t\t\t<div class=\"e-con-inner\">\n\t\t\t\t<div class=\"elementor-element elementor-element-25dad49 elementor-widget elementor-widget-heading\" data-id=\"25dad49\" data-element_type=\"widget\" data-widget_type=\"heading.default\">\n\t\t\t\t\t<h2 class=\"elementor-heading-title elementor-size-default\">Odst\u0119py mi\u0119dzy zabiegami<\/h2>\t\t\t\t<\/div>\n\t\t\t\t\t<\/div>\n\t\t\t\t<\/div>\n\t\t<div class=\"elementor-element elementor-element-9a38964 e-flex e-con-boxed e-con e-parent\" data-id=\"9a38964\" data-element_type=\"container\">\n\t\t\t\t\t<div class=\"e-con-inner\">\n\t\t\t\t<div class=\"elementor-element elementor-element-4357844 elementor-widget elementor-widget-text-editor\" data-id=\"4357844\" data-element_type=\"widget\" data-widget_type=\"text-editor.default\">\n\t\t\t\t\t\t\t\t\t<p data-start=\"79\" data-end=\"169\">Odst\u0119py mi\u0119dzy zabiegami s\u0105 spraw\u0105 indywidualn\u0105 i zale\u017c\u0105 od cyklu tworzenia si\u0119 anagenu.<\/p><p data-start=\"176\" data-end=\"229\">Znaczenie ma r\u00f3wnie\u017c miejsce wykonywania depilacji.<\/p><p data-start=\"236\" data-end=\"295\">Przyjmuje si\u0119, \u017ce epilacj\u0119 wykonuje si\u0119 co ok. 5\u20138 tygodni.<\/p>\t\t\t\t\t\t\t\t<\/div>\n\t\t\t\t\t<\/div>\n\t\t\t\t<\/div>\n\t\t<div class=\"elementor-element elementor-element-e5a01ab e-flex e-con-boxed e-con e-parent\" data-id=\"e5a01ab\" data-element_type=\"container\">\n\t\t\t\t\t<div class=\"e-con-inner\">\n\t\t\t\t<div class=\"elementor-element elementor-element-5f089ab elementor-widget elementor-widget-heading\" data-id=\"5f089ab\" data-element_type=\"widget\" data-widget_type=\"heading.default\">\n\t\t\t\t\t<h2 class=\"elementor-heading-title elementor-size-default\">Jak si\u0119 przygotowa\u0107 ?<\/h2>\t\t\t\t<\/div>\n\t\t\t\t<div class=\"elementor-element elementor-element-3e21f70 elementor-widget elementor-widget-text-editor\" data-id=\"3e21f70\" data-element_type=\"widget\" data-widget_type=\"text-editor.default\">\n\t\t\t\t\t\t\t\t\t<ul><li>1-2 dni przed wizyt\u0105 nale\u017cy ogoli\u0107 w\u0142osy maszynk\u0105 &#8211; w dniu zabiegu w\u0142osy powinny mie\u0107 oko\u0142o 1- 2mm. Pozwala to na dobranie odpowiednich parametr\u00f3w lasera przez specjalist\u0119\u00a0<\/li><li>Sk\u00f3ra w dniu zabiegu powinna by\u0107 czysta, bez krem\u00f3w, balsam\u00f3w, olejk\u00f3w<\/li><li>Za\u0142\u00f3\u017c wygodn\u0105, przewiewn\u0105 bielizn\u0119 oraz lu\u017ane ubrania<\/li><\/ul>\t\t\t\t\t\t\t\t<\/div>\n\t\t\t\t\t<\/div>\n\t\t\t\t<\/div>\n\t\t<div class=\"elementor-element elementor-element-3315bca e-flex e-con-boxed e-con e-parent\" data-id=\"3315bca\" data-element_type=\"container\">\n\t\t\t\t\t<div class=\"e-con-inner\">\n\t\t\t\t<div class=\"elementor-element elementor-element-ae29294 elementor-widget elementor-widget-heading\" data-id=\"ae29294\" data-element_type=\"widget\" data-widget_type=\"heading.default\">\n\t\t\t\t\t<h2 class=\"elementor-heading-title elementor-size-default\">Przeciwskazania do wykonania zabiegu epilacji laserowej<\/h2>\t\t\t\t<\/div>\n\t\t\t\t\t<\/div>\n\t\t\t\t<\/div>\n\t\t<div class=\"elementor-element elementor-element-5159dc2 e-flex e-con-boxed e-con e-parent\" data-id=\"5159dc2\" data-element_type=\"container\">\n\t\t\t\t\t<div class=\"e-con-inner\">\n\t\t\t\t<div class=\"elementor-element elementor-element-1f60bb6 elementor-widget elementor-widget-text-editor\" data-id=\"1f60bb6\" data-element_type=\"widget\" data-widget_type=\"text-editor.default\">\n\t\t\t\t\t\t\t\t\t<ul>\n<li>Ci\u0105\u017ca, karmienie piersi\u0105<\/li>\n<li>Choroba nowotworowa<\/li>\n<li>Opryszczka, zmiany wirusowe, bakteryjne w miejscu depilacji&nbsp;<\/li>\n<li>Cukrzyca, choroby serca<\/li>\n<li>Aktywna opalenizna w miejscu depilacji, stosowanie samoopalaczy, balsam\u00f3w samoopalenizuj\u0105cych, wizyty na solarium- na 4 tygodnie przed zabiegiem<\/li>\n<li>Stosowanie witaminy C i kwas\u00f3w chemicznych w miejscu depilowanej powierzchni- na miesi\u0105c przed zabiegiem&nbsp;<\/li>\n<li>Bielactwo, \u0142uszczyca&nbsp;<\/li>\n<li>Jasne, blond w\u0142osy, tatua\u017c&nbsp;<\/li>\n<\/ul>\t\t\t\t\t\t\t\t<\/div>\n\t\t\t\t<div class=\"elementor-element elementor-element-e9c9400 elementor-widget elementor-widget-heading\" data-id=\"e9c9400\" data-element_type=\"widget\" data-widget_type=\"heading.default\">\n\t\t\t\t\t<h2 class=\"elementor-heading-title elementor-size-default\"><strong>Zalecenia pozabiegowe<\/strong><\/h2>\t\t\t\t<\/div>\n\t\t\t\t\t<\/div>\n\t\t\t\t<\/div>\n\t\t<div class=\"elementor-element elementor-element-3de8d61 e-flex e-con-boxed e-con e-parent\" data-id=\"3de8d61\" data-element_type=\"container\">\n\t\t\t\t\t<div class=\"e-con-inner\">\n\t\t\t\t<div class=\"elementor-element elementor-element-f97348e elementor-widget elementor-widget-text-editor\" data-id=\"f97348e\" data-element_type=\"widget\" data-widget_type=\"text-editor.default\">\n\t\t\t\t\t\t\t\t\t<p>\u2022 Bezpo\u015brednio po zabiegu zaczerwienienie oraz delikatny obrz\u0119k mieszk\u00f3w w\u0142osowych s\u0105 normalne -mog\u0105 utrzyma\u0107 si\u0119 od kilku godzin do 2\u20133 dni<\/p><p>\u2022 Stosowa\u0107 preparaty \u0142agodz\u0105ce: pantenol, aloes, alantoina, kremy po zabiegach laserowych<\/p>\n<p style=\"text-align: left;\"><strong> Piel\u0119gnacja sk\u00f3ry:<\/strong><\/p>\n<p style=\"text-align: left;\">\u2022 Stosowa\u0107 krem <strong>SPF 50+,&nbsp;<\/strong>chroni\u0107 sk\u00f3r\u0119 ubraniem (bardzo wa\u017cne- zmniejsza ryzyko przebarwie\u0144 )<\/p>\n<p style=\"text-align: left;\">\u2022 Nale\u017cy my\u0107 sk\u00f3r\u0119 delikatnymi, bezzapachowymi preparatami<\/p>\n<p style=\"text-align: left;\">\u2022 Nawil\u017ca\u0107 sk\u00f3r\u0119 2\u20133 razy dziennie&nbsp;<\/p>\n<p style=\"text-align: left;\"><strong>W\u0142osy mi\u0119dzy zabiegami:<\/strong><\/p>\n<p style=\"text-align: left;\">\u2022 Nie nale\u017cy wyrywa\u0107 w\u0142os\u00f3w (p\u0119seta, wosk, depilator )&nbsp;<\/p>\n<p style=\"text-align: left;\">\u2022 Mo\u017cna goli\u0107 maszynk\u0105<\/p>\n<p style=\"text-align: left;\">\u2022 W\u0142osy b\u0119d\u0105 \u201ewypada\u0107\u201d samoistnie po 1-3 tygodniach<\/p>\n<p style=\"text-align: left;\"><strong> Czego unika\u0107:<\/strong><\/p>\n<p>\u2022 Przez minimum 4 tygodnie: nale\u017cy unika\u0107 opalania (s\u0142o\u0144ce oraz solarium), samoopalaczy, krem\u00f3w samoopalenizuj\u0105cych<\/p>\n<p>\u2022 Przez 24\u201348 h: nale\u017cy unika\u0107 gor\u0105cych k\u0105pieli, sauny, basenu, jacuzzi, nie stosowa\u0107 peeling\u00f3w, szczotek, r\u0119kawic z\u0142uszczaj\u0105cych, oraz kosmetyk\u00f3w z alkoholem, retinolem, kwasami, wit. C<\/p>\n<p style=\"text-align: left;\">\u2022 Intensywnego wysi\u0142ku fizycznego przez 24\u201348 h<\/p>\n<p style=\"text-align: left;\">\u2022 Drapania, zdrapywania strupk\u00f3w<\/p>\n<p style=\"text-align: left;\">\u2022 Zabieg\u00f3w kosmetycznych w miejscu depilacji przez ok. 1\u20132 tygodnie<\/p>\t\t\t\t\t\t\t\t<\/div>\n\t\t\t\t\t<\/div>\n\t\t\t\t<\/div>\n\t\t<div class=\"elementor-element elementor-element-a171932 e-flex e-con-boxed e-con e-parent\" data-id=\"a171932\" data-element_type=\"container\">\n\t\t\t\t\t<div class=\"e-con-inner\">\n\t\t\t\t<div class=\"elementor-element elementor-element-71a428c elementor-widget elementor-widget-heading\" data-id=\"71a428c\" data-element_type=\"widget\" data-widget_type=\"heading.default\">\n\t\t\t\t\t<h2 class=\"elementor-heading-title elementor-size-default\">Naturalnym objawem po zabiegu depilacji jest czasowy obrz\u0119k i zaczerwienienie depilowanego obszaru sk\u00f3ry, kt\u00f3re ust\u0119puj\u0105 po kilku godzinach<\/h2>\t\t\t\t<\/div>\n\t\t\t\t\t<\/div>\n\t\t\t\t<\/div>\n\t\t\t\t<\/div>\n\t\t","protected":false},"excerpt":{"rendered":"<p>Depilacja laserowa to ch\u0119tnie wybierana przez klient\u00f3w nowoczesna i komfortowa metoda trwa\u0142ej redukcji ow\u0142osienia. \u00a0 Laser aleksandrytowy o d\u0142ugo\u015bci fali 755 nm jest uznawany za jedno z najbardziej zaawansowanych rozwi\u0105za\u0144 stosowanych w redukcji ow\u0142osienia. To szybkie zabiegi, wysoki komfort oraz d\u0142ugotrwa\u0142e efekty, kt\u00f3rych zakres zale\u017cy od indywidualnych cech sk\u00f3ry i w\u0142osa oraz serii zabieg\u00f3w. Epilacja [&hellip;]<\/p>\n","protected":false},"author":1,"featured_media":0,"parent":0,"menu_order":0,"comment_status":"closed","ping_status":"closed","template":"","meta":{"footnotes":""},"class_list":["post-450","page","type-page","status-publish","hentry"],"_links":{"self":[{"href":"https:\/\/beautylasercenter.pl\/index.php\/wp-json\/wp\/v2\/pages\/450","targetHints":{"allow":["GET"]}}],"collection":[{"href":"https:\/\/beautylasercenter.pl\/index.php\/wp-json\/wp\/v2\/pages"}],"about":[{"href":"https:\/\/beautylasercenter.pl\/index.php\/wp-json\/wp\/v2\/types\/page"}],"author":[{"embeddable":true,"href":"https:\/\/beautylasercenter.pl\/index.php\/wp-json\/wp\/v2\/users\/1"}],"replies":[{"embeddable":true,"href":"https:\/\/beautylasercenter.pl\/index.php\/wp-json\/wp\/v2\/comments?post=450"}],"version-history":[{"count":145,"href":"https:\/\/beautylasercenter.pl\/index.php\/wp-json\/wp\/v2\/pages\/450\/revisions"}],"predecessor-version":[{"id":677,"href":"https:\/\/beautylasercenter.pl\/index.php\/wp-json\/wp\/v2\/pages\/450\/revisions\/677"}],"wp:attachment":[{"href":"https:\/\/beautylasercenter.pl\/index.php\/wp-json\/wp\/v2\/media?parent=450"}],"curies":[{"name":"wp","href":"https:\/\/api.w.org\/{rel}","templated":true}]}}